{"id":53,"date":"2025-12-21T17:37:27","date_gmt":"2025-12-21T16:37:27","guid":{"rendered":"https:\/\/494196.test-my-website.de\/wp\/?page_id=53"},"modified":"2025-12-21T17:37:27","modified_gmt":"2025-12-21T16:37:27","slug":"impressum","status":"publish","type":"page","link":"https:\/\/therapiehaus-aumueller.de\/index.php\/impressum\/","title":{"rendered":"Impressum"},"content":{"rendered":"\n<h2 class=\"wp-block-heading\">Angaben gem\u00e4\u00df \u00a7 5 TMG<\/h2>\n\n\n\n<p>Timo Aum\u00fcller<br>Goldgasse 18<br>97450 Arnstein<br>Deutschland<\/p>\n\n\n\n<p>E\u2011Mail: info@therapiehaus-aumueller.de<\/p>\n\n\n\n<h2 class=\"wp-block-heading\">Haftung f\u00fcr Inhalte<\/h2>\n\n\n\n<p>Die Inhalte dieser Website wurden mit gr\u00f6\u00dfter Sorgfalt erstellt. F\u00fcr die Richtigkeit, Vollst\u00e4ndigkeit und Aktualit\u00e4t der Inhalte wird jedoch keine Gew\u00e4hr \u00fcbernommen.<\/p>\n\n\n\n<h2 class=\"wp-block-heading\">Haftung f\u00fcr Links<\/h2>\n\n\n\n<p>Diese Website enth\u00e4lt ggf. Links zu externen Websites Dritter, auf deren Inhalte ich keinen Einfluss habe. F\u00fcr diese Inhalte wird keine Gew\u00e4hr \u00fcbernommen.<\/p>\n\n\n\n<h2 class=\"wp-block-heading\">Urheberrecht<\/h2>\n\n\n\n<p>Die auf dieser Website verwendeten Bilder und Inhalte sind entweder selbst erstellt, KI\u2011gest\u00fctzt generiert oder rechtm\u00e4\u00dfig lizenziert. Alle Rechte liegen beim Betreiber der Website. Eine Nutzung ohne ausdr\u00fcckliche Zustimmung ist nicht gestattet.<\/p>\n","protected":false},"excerpt":{"rendered":"<p>Angaben gem\u00e4\u00df \u00a7 5 TMG Timo Aum\u00fcllerGoldgasse 1897450 ArnsteinDeutschland E\u2011Mail: info@therapiehaus-aumueller.de Haftung f\u00fcr Inhalte Die Inhalte dieser Website wurden mit gr\u00f6\u00dfter Sorgfalt erstellt. F\u00fcr die Richtigkeit, Vollst\u00e4ndigkeit und Aktualit\u00e4t der Inhalte wird jedoch keine Gew\u00e4hr \u00fcbernommen. Haftung f\u00fcr Links Diese Website enth\u00e4lt ggf. Links zu externen Websites Dritter, auf deren Inhalte ich keinen Einfluss habe. [&hellip;]<\/p>\n","protected":false},"author":1,"featured_media":0,"parent":0,"menu_order":0,"comment_status":"closed","ping_status":"closed","template":"","meta":{"_acf_changed":false,"footnotes":""},"class_list":["post-53","page","type-page","status-publish","hentry"],"acf":[],"_links":{"self":[{"href":"https:\/\/therapiehaus-aumueller.de\/index.php\/wp-json\/wp\/v2\/pages\/53","targetHints":{"allow":["GET"]}}],"collection":[{"href":"https:\/\/therapiehaus-aumueller.de\/index.php\/wp-json\/wp\/v2\/pages"}],"about":[{"href":"https:\/\/therapiehaus-aumueller.de\/index.php\/wp-json\/wp\/v2\/types\/page"}],"author":[{"embeddable":true,"href":"https:\/\/therapiehaus-aumueller.de\/index.php\/wp-json\/wp\/v2\/users\/1"}],"replies":[{"embeddable":true,"href":"https:\/\/therapiehaus-aumueller.de\/index.php\/wp-json\/wp\/v2\/comments?post=53"}],"version-history":[{"count":0,"href":"https:\/\/therapiehaus-aumueller.de\/index.php\/wp-json\/wp\/v2\/pages\/53\/revisions"}],"wp:attachment":[{"href":"https:\/\/therapiehaus-aumueller.de\/index.php\/wp-json\/wp\/v2\/media?parent=53"}],"curies":[{"name":"wp","href":"https:\/\/api.w.org\/{rel}","templated":true}]}}